at is the greatest common factor of 654 and 759621?
327
What is the highest common factor of 12 and 1701?
3
Calculate the highest common factor of 976 and 772504.
488
Calculate the highest common factor of 493069 and 19.
19
Calculate the greatest common divisor of 179199 and 1161.
27
What is the highest common divisor of 38016 and 9108?
396
What is the greatest common factor of 161714 and 966?
14
Calculate the highest common factor of 15402 and 19479.
453
What is the highest common factor of 1421 and 13867?
49
What is the highest common factor of 25877 and 4351?
229
Calculate the greatest common factor of 508 and 1073150.
254
Calculate the greatest common divisor of 132 and 691512.
12
What is the greatest common divisor of 48 and 270264?
24
What is the highest common factor of 374 and 3014?
22
Calculate the greatest common divisor of 1556118 and 108.
54
What is the greatest common factor of 1135 and 175471?
227
Calculate the highest common factor of 1553741 and 7252.
1813
Calculate the greatest common divisor of 184822 and 60698.
682
Calculate the highest common factor of 78 and 1572.
6
What is the greatest common divisor of 405 and 1465?
5
What is the greatest common factor of 17418 and 606?
6
What is the highest common factor of 14 and 9714?
2
Calculate the highest common divisor of 90356 and 196.
196
What is the greatest common divisor of 363419 and 269?
269
What is the highest common divisor of 9152 and 273?
13
What is the greatest common factor of 49 and 29743?
49
What is the highest common divisor of 112817 and 404?
101
Calculate the greatest common factor of 410406 and 3066.
438
What is the highest common factor of 300320 and 1280?
160
What is the highest common factor of 6399954 and 594?
198
Calculate the greatest common factor of 368027 and 22.
11
Calculate the highest common divisor of 135 and 540990.
45
Calculate the greatest common factor of 4001 and 3.
1
What is the greatest common divisor of 81 and 5747517?
81
Calculate the highest common divisor of 10306 and 2.
2
Calculate the highest common factor of 177 and 590.
59
What is the greatest common divisor of 3097 and 42009?
19
What is the greatest common factor of 1309 and 9757?
11
What is the highest common divisor of 830 and 537259?
83
What is the highest common factor of 88 and 146024?
8
What is the highest common factor of 11778 and 546?
78
What is the highest common factor of 1292 and 8284?
76
What is the greatest common divisor of 137884 and 2?
2
What is the greatest common divisor of 206 and 8549?
103
What is the highest common divisor of 7 and 14121842?
7
What is the highest common divisor of 2623 and 3050?
61
Calculate the greatest common divisor of 884 and 7514.
442
Calculate the highest common factor of 16400 and 2378.
82
Calculate the greatest common factor of 21389 and 1465.
293
Calculate the greatest common divisor of 755101 and 394.
197
What is the greatest common factor of 8 and 329276?
4
Calculate the highest common factor of 44733 and 163059.
1443
Calculate the greatest common factor of 10 and 6675.
5
Calculate the greatest common divisor of 1842 and 24.
6
What is the highest common factor of 8087437 and 278?
139
What is the greatest common divisor of 2988 and 26496?
36
Calculate the greatest common factor of 7800045 and 165.
165
What is the highest common divisor of 82944 and 63488?
1024
Calculate the greatest common divisor of 33 and 7224.
3
What is the highest common divisor of 22116 and 60?
12
What is the highest common factor of 48 and 7040?
16
What is the greatest common factor of 290455 and 85?
5
Calculate the greatest common factor of 52 and 157222.
26
What is the highest common factor of 134 and 152894?
134
What is the greatest common divisor of 587925 and 325?
325
What is the highest common divisor of 695 and 25?
5
Calculate the greatest common divisor of 55 and 101277.
11
What is the highest common factor of 71949 and 696?
87
What is the highest common divisor of 31023 and 36?
9
Calculate the highest common factor of 1037338 and 1341.
149
What is the highest common factor of 107412 and 24?
12
Calculate the greatest common divisor of 61 and 14335.
61
What is the highest common divisor of 1161 and 5977?
43
Calculate the greatest common divisor of 8541 and 4563.
117
What is the highest common divisor of 8174 and 437644?
134
What is the highest common divisor of 5360 and 6535?
5
Calculate the greatest common factor of 456 and 564129.
57
Calculate the greatest common factor of 94 and 475217.
47
What is the greatest common factor of 13432 and 2990?
46
Calculate the highest common divisor of 464978 and 822.
274
What is the highest common factor of 6219 and 27?
9
What is the greatest common divisor of 1 and 18269?
1
Calculate the greatest common factor of 140880 and 240.
240
Calculate the highest common factor of 1615 and 145.
5
Calculate the greatest common factor of 24757 and 494.
19
Calculate the greatest common divisor of 623 and 277324.
89
What is the highest common divisor of 401730 and 210?
210
Calculate the highest common factor of 92 and 771742.
46
Calculate the highest common factor of 33540 and 10426.
26
Calculate the greatest common divisor of 1937 and 11817.
13
What is the highest common factor of 6 and 6284?
2
What is the highest common factor of 193788 and 7?
7
Calculate the greatest common divisor of 597432 and 372.
372
Calculate the greatest common divisor of 7308 and 1197.
63
Calculate the highest common divisor of 19547 and 220.
11
What is the greatest common factor of 891 and 9774?
27
What is the greatest common divisor of 32 and 2327776?
32
Calculate the highest common factor of 63 and 4734.
9
Calculate the highest common divisor of 92 and 1313852.
92
What is the highest common factor of 142923 and 33?
33
Calculate the greatest common factor of 15390 and 54891.
513
What is the highest common factor of 3787348 and 698?
698
Calculate the highest common divisor of 11180 and 340345.
215
Calculate the greatest common factor of 52893 and 1701.
81
Calculate the greatest common factor of 167730 and 210.
30
What is the greatest common factor of 9266 and 115712?
226
What is the greatest common factor of 187206 and 300?
6
Calculate the highest common divisor of 124 and 153977.
31
Calculate the highest common factor of 7 and 69461.
7
Calculate the greatest common divisor of 63974 and 870.
58
Calculate the greatest common divisor of 407 and 426151.
11
What is the highest common divisor of 27 and 1873?
1
What is the greatest common factor of 51 and 1350089?
17
Calculate the greatest common factor of 1177 and 429.
11
What is the highest common divisor of 9 and 6537?
3
Calculate the greatest common factor of 35 and 61943.
7
Calculate the highest common factor of 24 and 13641.
3
What is the greatest common factor of 41004 and 536?
268
What is the greatest common factor of 2628 and 269808?
876
Calculate the greatest common divisor of 301 and 36120.
301
Calculate the greatest common factor of 258165 and 10.
5
What is the greatest common divisor of 716230 and 2345?
335
What is the greatest common factor of 25 and 115350?
25
What is the greatest common divisor of 359 and 337819?
359
Calculate the highest common factor of 1236 and 783212.
412
Calculate the greatest common divisor of 508678 and 321.
107
Calculate the highest common divisor of 18738 and 5652.
18
What is the greatest common factor of 831045 and 969?
51
What is the greatest common divisor of 9232 and 808?
8
What is the greatest common divisor of 560 and 332864?
112
What is the highest common divisor of 3652 and 415?
83
Calculate the highest common divisor of 66155 and 303.
101
Calculate the greatest common factor of 7276 and 3196.
68
What is the greatest common divisor of 17 and 12611484?
17
Calculate the highest common divisor of 2486 and 13948.
22
Calculate the highest common divisor of 1104 and 5736.
24
What is the greatest common divisor of 5463 and 26101?
607
Calculate the greatest common divisor of 3498 and 54.
6
Calculate the greatest common factor of 25050 and 1900.
50
Calculate the highest common divisor of 1504290 and 3690.
1230
Calculate the highest common divisor of 10 and 150590.
10
Calculate the highest common divisor of 52 and 414752.
52
What is the greatest common divisor of 256